 g(i)?
3, 43
What are the prime factors of 3/((-3)/(-56842)) + (-17 - (-357)/21)?
2, 97, 293
Suppose 0 = -q + n + 72, 3*n - 76 = -q - 12. What are the prime factors of (-5420)/(-8)*28/q?
271
Suppose 4*j + 263 - 351 = 0. Suppose -j*n + 20*n = -818. List the prime factors of n.
409
Let b(n) = -3*n + 15. Let d be b(5). Suppose d = 87*g - 70*g - 16524. List the prime factors of g.
2, 3
Let n = 580 + -578. Suppose n*c - 5202 = 43*f - 47*f, 3*c = -f + 1293. List the prime factors of f.
2, 3, 7, 31
Let g(d) = -347*d**3 + 3*d**2 - 2*d + 1. Let p be g(-2). Suppose -4*o - 653 = -p. Suppose 487 = 7*l - o. List the prime factors of l.
2, 73
Suppose 0 = -5*v + 2*h + 323, -4*h = 1 - 5. Suppose 28 = 17*o - 3*o. Suppose j - o*j = 4*k - 19, -4*j + v = 5*k. List the prime factors of j.
3, 5
Suppose 0 = -15*a + 55*a. Let i(m) = 2*m**3 - m**2 + 3*m + 2091. What are the prime factors of i(a)?
3, 17, 41
Let g(d) = 49016*d**2 - 47*d + 43. What are the prime factors of g(1)?
2, 12253
Let j be ((6*6)/2)/(21/(-28)). Let w be j/(-20)*5/2. Suppose -w*d = -i - 2*d + 155, 0 = 5*i + 3*d - 815. List the prime factors of i.
2, 5
Suppose -2*o + z + 2 = 0, 10 = o + 7*z - 3*z. Suppose x + 4*j - 367 - 52 = 0, o*j - 411 = -x. What are the prime factors of x?
13, 31
Let j = 438 + 61. Suppose -j*l = -498*l - 112. What are the prime factors of l?
2, 7
Suppose 0 = -672*r + 648*r + 598224. What are the prime factors of r?
2, 11, 103
Let y = 208 - 195. Suppose 9703 = y*v + 837. What are the prime factors of v?
2, 11, 31
Let x be (2/3)/(4/12 + 0). Suppose 117 - 3 = -g - 2*b, 594 = -5*g - x*b. Let c = -77 - g. What are the prime factors of c?
43
Let v be (-30 - -44)*(-245)/2. Let z = -995 - v. List the prime factors of z.
2, 3, 5
What are the prime factors of 29670 + (-26)/13 - (-22)/2?
3, 13, 761
Let j be (-6)/14 - 4806/(-189). Suppose -2*t + 3449 = 3*l + 3*t, -j = 5*t. List the prime factors of l.
2, 3, 193
Let h = 137 + -31. Suppose -4*l + 2*z = -h, z + z - 39 = -l. Suppose 3*b - l = 250. What are the prime factors of b?
3, 31
Let f = -620 + -381. Let z = 1405 + f. List the prime factors of z.
2, 101
Let g be (30 - -3)*(-4)/((-24)/(-78)). Let q = -219 - g. List the prime factors of q.
2, 3, 5, 7
Let p = -184 + 184. Suppose p = -z + 3*z - 866. What are the prime factors of z?
433
Suppose 3*n + 15 = -0. List the prime factors of n/(-15) + 770/30.
2, 13
What are the prime factors of (0 - 164332)*(100/(-16) - -6)?
7, 5869
Let m(z) = 52*z**2 + 6*z - 220. What are the prime factors of m(11)?
2, 3, 11, 31
Let f(k) = k**2 - 2*k - 8. Let w be f(5). Suppose 5*r - 320 = r. Suppose 3*y = w*y - r. What are the prime factors of y?
2, 5
Let s(w) = -62*w**2 + 39*w + 26. Let f be s(13). List the prime factors of (-1)/(-4 - f/2487).
829
Suppose 4*o + 2*i - 66 = -0*o, 0 = -3*o + 2*i + 32. List the prime factors of 2346/10 + o/35.
5, 47
Suppose 4*u = 3*g + 522 - 159, 4*u = -12. Let a = g + 188. Suppose x - a = -12. What are the prime factors of x?
3, 17
Let o = -34 + 16. Let p be (-597)/o + (-5)/30. Suppose -p*j - 72 = -36*j. What are the prime factors of j?
2, 3
Suppose -22*w - 71081 = -61*w + 198370. What are the prime factors of w?
3, 7, 47
Let u(w) = 22*w**2 - 3*w - 2. Let o be u(12). Suppose 8*j - 3*j = -o. Let c = -447 - j. What are the prime factors of c?
179
Suppose 76*y = 51*y + 119*y - 3746558. What are the prime factors of y?
39857
Let v(z) = 23*z**3 + 2*z**2 - 4*z + 6. Let a be 1/((1 - 6)/(-5)). Suppose -a = -4*k + 7. List the prime factors of v(k).
2, 5, 19
Suppose 20 = -4*z, 3*z - 8592 = -5*l + 37053. What are the prime factors of l?
2, 3, 761
Let k(g) = 15*g**2 - 5*g - 21. Let m be 0 + (-7)/(-1) + (-14)/7. Let i be k(m). Suppose -7*q + i = -0*q. What are the prime factors of q?
47
Let g be 361*(24/(-4) - -7). Suppose -8*z + g = -2183. What are the prime factors of z?
2, 3, 53
List the prime factors of (1 + 0)*((-7922710)/(-548) + (-14)/(-4)).
14461
Let x = -170 + 239. What are the prime factors of (92 - x) + 0/2?
23
Let y(p) = -p + 6. Let x be y(11). Let b be 3 + (x - (2 - 3)). What are the prime factors of 18*(b - (-20)/8)?
3
What are the prime factors of 5690 + -4 - 805/35?
7, 809
Suppose -186*u + 3824024 + 1326643 = -807099. What are the prime factors of u?
3, 3559
Let g = -780 - -783. Suppose -3*m + g*y = -3813, -2*m - 1275 = -3*m + 5*y. List the prime factors of m.
2, 5, 127
Suppose 5*o - 4*q - 18845 = 22581, -2*o - 2*q = -16592. List the prime factors of o.
2, 5, 829
Let j = 156 - 153. Suppose 4*a = o - j*o + 1056, -778 = -3*a + 2*o. What are the prime factors of a?
2, 131
Suppose 1114*k - 463314 = 1003*k. What are the prime factors of k?
2, 2087
Let p be 4/8 + 9/(-2). Let s(j) = -2*j**2 - 2*j + 9. Let b be s(p). Let f(v) = -v + 14. What are the prime factors of f(b)?
29
Suppose 0 = -g + 3*b - 52, -2*b + 201 = -4*g + 3*b. Let q be (84/g)/(-3) - 10/(-7). Suppose 6 + 164 = q*j. List the prime factors of j.
5, 17
List the prime factors of (-465)/(-310) + (12003/2 - -2).
5, 1201
Let o(f) = 4*f + 1. Suppose 11*s - 9*s = 0. Suppose 0 = -2*p - s*p + 20. List the prime factors of o(p).
41
Suppose -8*p + 3*p + 1187 = 2*c, -16 = 4*c. Suppose 4*m - p = 433. List the prime factors of m.
2, 3, 7
Let w(m) = 17361*m + 1645. What are the prime factors of w(3)?
2, 23, 73
What are the prime factors of (-84901616)/(-1738) + ((-6)/(-33))/(-1)?
2, 5, 977
Let g(k) = 63*k + 8. Suppose 0 = -0*r - 5*r - 4*l + 19, -2*r + 3 = -3*l. Let m be g(r). Suppose 5*q = -67 + m. What are the prime factors of q?
2, 13
List the prime factors of 9610100/500 - 4/(-5).
3, 43, 149
Let z be (-2)/(-2) + (-4 - 196) - 3. Let r = z - -120. Let o = 48 - r. What are the prime factors of o?
2, 5, 13
Let o = -538 + 1516. List the prime factors of o.
2, 3, 163
List the prime factors of 23282 + -104 - (6 + -2).
2, 11587
Let f(c) = c**3 - c**2 - 4*c + 9. Let w be f(2). Suppose 2714 = -3*v + w*v. What are the prime factors of v?
23, 59
Suppose 0 = -66*i - 24*i + 3246272 + 349768. What are the prime factors of i?
2, 7, 1427
Let w(o) = -2*o**2 + 10*o + 2. Let s be w(5). Let x(c) = 60*c**2 - 53*c**2 - 2*c + s + 4*c. What are the prime factors of x(4)?
2, 61
Let j(w) = -3*w**3 - 31*w**2 + 58*w + 14. Let x(p) = -2*p**3 - 21*p**2 + 39*p + 10. Let f(u) = 5*j(u) - 8*x(u). What are the prime factors of f(-13)?
2, 3, 23
Let t(p) = p**3 - 53*p**2 - 51*p - 1643. What are the prime factors of t(61)?
2, 3, 11, 379
Let i(f) = -51*f + 179. List the prime factors of i(-15).
2, 59
Suppose 174*f = 170*f + 8. Suppose 0 = 2*h + 6, -5*h = -f*m - 7*h + 746. What are the prime factors of m?
2, 47
Suppose -4*n + 4462 + 11150 = 0. Suppose 3*w - 2*w + 779 = i, -n = -5*i - 3*w. List the prime factors of i.
2, 3, 5, 13
Let v(u) = 615*u + 1270. What are the prime factors of v(39)?
5, 5051
Let w(u) be the third derivative of 29*u**2 + 0 - 1/6*u**3 + 0*u + 25/4*u**4. What are the prime factors of w(1)?
149
Suppose 24*s = 2034 - 21282. Let j = s + 1010. List the prime factors of j.
2, 13
Suppose 649 = 11*v + 2222. Let z be 0 + -249 + (2 - 4). Let n = v - z. What are the prime factors of n?
2, 3
Let o = -40 - -20. Let n(v) = -40*v + 10*v**2 - 11*v**2 + 8*v + 24. What are the prime factors of n(o)?
2, 3, 11
Let y be (-5 - 0)/(-30) + (-39404)/(-24). Suppose -12*i + 782 = -y. What are the prime factors of i?
2, 101
Let s be (800/24)/((-2)/9). Suppose 0 = -4*x - 65 - 163. Let z = x - s. What are the prime factors of z?
3, 31
Suppose -16*n + 55457 = -177007. List the prime factors of n.
3, 29, 167
Suppose -5 = 23*c - 28*c, 0 = 3*s - 3*c + 2976. Let r = -374 - s. List the prime factors of r.
617
Suppose 3185331 = -51*v + 174*v. List the prime factors of v.
19, 29, 47
Let t = 18 + -14. Suppose 8*a = t*a - 260. What are the prime factors of -4 - a - 0/(-2)?
61
Suppose 5*h - 43*c = -47*c + 6847, 4*c = h - 1355. Suppose -g + 4*i + h = 0, -11*g + 5*i - 1403 = -12*g. List the prime factors of g.
3, 461
Let g = -4336 + 11920. What are the prime factors of g?
2, 3, 79
Let j(i) be the third derivative of -i**6/120 - 8*i**5/15 - 47*i**4/24 - 16*i**3/3 + 45*i**2. List the prime factors of j(-31).
2, 29
Suppose -8*f + 627087 - 65279 = -v, 0 = -4*f - v + 280916. List the prime factors of f.
3, 17
Suppose 0 = 3*l - 2*z - 64, -5*l + z + 64 = -52. Suppose -1727 = -l*d + 13*d. What are the 